f d(f)?
5
Suppose s = -v + 300, 17*v - 3*s = 12*v + 1540. What are the prime factors of v?
5, 61
Let u = -72 - -80. Suppose 0 = -u*g - 64 + 880. What are the prime factors of g?
2, 3, 17
Suppose 0 = 7*c - 6*c - 3. Suppose -h - c*h = -72. What are the prime factors of ((-4)/(-6))/(3/h)?
2
Let u(g) = 13*g**3 + 2*g**2 - 9*g - 11. List the prime factors of u(3).
331
Let x = 5351 + -3803. List the prime factors of x.
2, 3, 43
Suppose 3*w = -3*j + j - 8, 3 = -3*j. Let b(c) = 30*c - 3. Let s(l) = -10*l + 1. Let g(o) = -6*b(o) - 17*s(o). What are the prime factors of g(w)?
3, 7
Suppose -p - 38 + 40 = 0. List the prime factors of p + 2 + (19 - 9/(-3)).
2, 13
Let g = -13 + 14. Let u be g - (4 - 12/2). Suppose h - 13 = -3*j, -2*h + u*h + 2*j = 13. What are the prime factors of h?
13
Let t(k) = -k**2 - 13*k - 17. Let i be t(-11). Suppose b + 4 = -b, -i*b + 190 = g. What are the prime factors of g?
2, 5
Let z(n) be the second derivative of 2*n**3/3 + 53*n**2/2 - 17*n. What are the prime factors of z(6)?
7, 11
Suppose 5*c = -b + 26 + 13, 0 = 5*b - 5*c - 75. Let j = 49 - b. Suppose -3*r = -3*t - 45, 4*r - j - 30 = -t. List the prime factors of r.
3, 5
Let m = -29 - -71. List the prime factors of 750/21 - (-12)/m.
2, 3
Suppose 3*k = -5*f + 54, -3*f + 34 = -4*k + 5*k. What are the prime factors of (f - -3)*-116*3/(-30)?
2, 3, 29
Suppose -2 = -3*r + 10. Suppose 0 = 4*s + 12, 5*t - r*s - 541 + 94 = 0. What are the prime factors of t?
3, 29
Let x = 32 - -32. Let b = 125 - x. List the prime factors of b.
61
What are the prime factors of 884 + 3 + (9 - (-7 - -12))?
3, 11
Let f = 0 + 0. Suppose 4*h = 3*p + 154 + 64, 4*h - 204 = -4*p. Suppose -2*n + 2*r + 13 = -h, 4*n - 2*r - 124 = f. List the prime factors of n.
29
Let z(w) = 6 + 5*w**2 + 6*w**2 + w**3 - 2*w**2 + 11*w. Let x(m) = -m**3 + 3*m**2 + 2*m + 1. Let g be x(4). What are the prime factors of z(g)?
3
What are the prime factors of 1624/70*(-5)/(-2)?
2, 29
Let z(j) = -10*j**2 - 145*j + 6. What are the prime factors of z(-14)?
2, 19
Let c(o) = -2*o + 6. Let p be c(3). Let d be (5 - 1 - p) + 3. Suppose d*r = 4*w + 6*r - 245, -3*r + 241 = 4*w. List the prime factors of w.
61
Suppose 4*s - 3*f + 2*f - 176 = 0, 3*s + 2*f = 121. Suppose -q + 127 = 5*t, -q = 2*t + 2*q - s. What are the prime factors of t?
2, 13
Let g(o) = -224*o + 5. Let m = 19 - 20. List the prime factors of g(m).
229
Suppose 2*m - 3 = 3*m. Let h = m - -6. Let x(w) = 11*w - 3. What are the prime factors of x(h)?
2, 3, 5
Suppose -d = -3*d + 12. Suppose 4*a = 3*j - 0 + 8, -j = -2*a + d. List the prime factors of 124/7 - j/(-14).
2, 3
Let o(x) = x**3 + 10*x**2 + 17*x + 5. Let z be o(-8). Let n(b) = -46*b + 5. List the prime factors of n(z).
11, 13
What are the prime factors of ((-352 + -5)*-1 - 4)*1?
353
Let b(y) = 34*y - 23. What are the prime factors of b(2)?
3, 5
Let k(v) be the third derivative of -v**6/120 - 3*v**5/20 - 13*v**4/24 - 11*v**3/6 - v**2. Suppose -4*t - 39 + 7 = 0. What are the prime factors of k(t)?
29
What are the prime factors of -2 + 4159 - (11 + -2)?
2, 17, 61
Let m = -12 + 10. Let z = m + 4. Suppose 3*n - 7 = -3*y + 92, z*y + 3*n - 64 = 0. List the prime factors of y.
5, 7
What are the prime factors of 1473/((-329)/(-28) - 11)?
2, 491
Suppose 29*c + 2692 = 12900. What are the prime factors of c?
2, 11
Suppose -5 = -2*f + 1, -3*m - 3*f - 6 = 0. Let h(q) = q + 5. Let r be h(m). List the prime factors of 4 - ((-28 - -3) + r).
29
Let x be 24/15 - (-2)/5. Suppose 0 = 5*l - 13 + 3. Suppose 0*m = x*c + 5*m - 63, 0 = 2*c - l*m - 84. What are the prime factors of c?
3, 13
Suppose -4*v + 0 = -4. Let h be -3 + 0 - (v + -16). List the prime factors of 215/7 - h/(-42).
31
Let c(p) = 3*p**3 + 2*p**2 + p + 1. Let b be c(-1). List the prime factors of (-932)/(-10) - b/(-5).
3, 31
Suppose -9*r + 3863 = -5*r - 5*d, 4*d - 2874 = -3*r. What are the prime factors of r?
2, 13, 37
Let g(b) = -b - 2. Let j be g(0). List the prime factors of (2/8)/(j/(-776)).
97
Let t be (5 + -1*2)/(22 - 21). Suppose 957 = t*y + 8*y. List the prime factors of y.
3, 29
Let n(l) = l**2 - 87*l + 38. List the prime factors of n(-27).
2, 19, 41
What are the prime factors of 6 - ((-45)/9 + -1268)?
1279
Suppose -s = 2, 3*m + m + 406 = s. Let i = 157 + m. List the prime factors of i.
5, 11
What are the prime factors of ((-2)/(-4))/((-30)/(-20))*6597?
3, 733
What are the prime factors of (-4120056)/(-1224) - (-1)/(-17)?
2, 3, 11, 17
Let a = 2 + -22. Let v(s) = -s**2 - 14*s - 9. Let u be v(-5). Let l = a + u. What are the prime factors of l?
2
Let o(b) = 6*b - 3. Let j = 13 + -17. Let i be o(j). Let c = i - -59. What are the prime factors of c?
2
Let q be (1 - (-11)/(-3))*-6. Let v be 95/4 - 12/q. Suppose 3*z - v = 4. What are the prime factors of z?
3
Suppose 0 = 6*a - 166 - 140. Let s = 293 + a. What are the prime factors of s?
2, 43
Suppose 58344 = -5*p + 39*p. What are the prime factors of p?
2, 3, 11, 13
Let c(i) = -i**3 - 2*i - 2. Let p be c(-2). Let l = p + -4. What are the prime factors of (16/6)/1*l?
2
Suppose -19*b + 496 = -6686. List the prime factors of b.
2, 3, 7
Suppose -5*q - 3*k + 2720 = 0, 5*q - 1859 - 821 = 5*k. List the prime factors of q.
541
Let r be (-7)/(-2)*(-6)/(-7). Let t be (1/r)/((-1)/(-3)). List the prime factors of t - 9/((-27)/60).
3, 7
Let m(x) = 0*x + 2 - x - 5*x. Let i be m(-1). Suppose i*a = 5*a + 195. List the prime factors of a.
5, 13
What are the prime factors of -2 + 6 - (0 - (401 + -6))?
3, 7, 19
Suppose 18 = -a - a. Let v = -4 - a. Suppose -v*z + 23 = -2. What are the prime factors of z?
5
Suppose -8028 = -8*u + 15556. What are the prime factors of u?
2, 11, 67
Let b(v) = 13*v + 0 + 1 - 3*v + 12*v. List the prime factors of b(6).
7, 19
Let j be 4 + -2 + 5 - -2. Let a = 9 - j. Suppose a = -5*h + 2*h + 33. What are the prime factors of h?
11
Suppose a + 5*v + 2 = 0, -2*a = -a - 4*v - 7. Let t be (0 - 2) + 4 + a. Suppose 2*r - t*r = -57. List the prime factors of r.
19
List the prime factors of (-2)/6 - ((-21824)/3)/11.
661
Suppose -13 = -d - 12*d. List the prime factors of (d*-2)/(14/(-1547)).
13, 17
Suppose 3*u = -3*l + 117, 0 = 21*l - 16*l + u - 187. List the prime factors of l.
37
Suppose -k = -5*k + 8. Let v(f) = f**2 - f**2 + f + 7*f**2 - f**k. List the prime factors of v(-3).
3, 17
Let k be (-7)/(-35) - 34/(-5). Let t = k + -3. List the prime factors of t.
2
What are the prime factors of 0 - 0 - (-156 - -2 - 5)?
3, 53
Let o(i) = 4*i**2 + 80*i + 29. List the prime factors of o(7).
5, 157
Suppose -4*g = l + 7, 7 = -4*g + 3. What are the prime factors of 57*(7*(-2)/l + -3)?
5, 19
Let f(m) = -m**3 + m**2 + 11*m + 517. What are the prime factors of f(0)?
11, 47
List the prime factors of (-8)/(-2) + 725 - (-7 - -5).
17, 43
Let c(z) = 8*z**2 - 2*z + 2. Let r be c(2). Suppose -11*w - 6 = -14*w. Let q = r - w. List the prime factors of q.
2, 7
Let t(y) = -y - 6. Let f be t(-6). Suppose f = -2*c + 115 + 29. List the prime factors of c.
2, 3
Let b = 884 + -605. What are the prime factors of b?
3, 31
Let g(b) = b - 11*b - 1 + 0 + 2*b. Let h be g(-1). Let a(k) = -k**3 + 6*k**2 + 11*k - 14. What are the prime factors of a(h)?
2, 7
Suppose -4*i - 4*g - 36 = 0, -i + 4*g = 2 - 8. Let n = i + 11. Suppose 0 = -n*k + 4*k + 27. List the prime factors of k.
3
Let f = 180 + -66. Suppose 5*l - 797 = -4*o, 5*l - 104 = -o + f. Let i = -128 + o. List the prime factors of i.
5, 13
Suppose 6*d + 5376 = 9*h - 6*h, -3*h + 5364 = -2*d. List the prime factors of h.
2, 19, 47
Let l be -3*((-8)/4 - -5). Let p = l + 13. Suppose -p*h + j = -54, -h - 4*j + 3*j = -11. List the prime factors of h.
13
Let w(j) = 6*j**2 - 11*j + 1. List the prime factors of w(-11).
2, 53
Suppose -4*q + 4797 = -3*m, -4*q + 8*q - 4802 = -2*m. List the prime factors of q.
2, 3, 5
Suppose 7148 = 6*o + 974. List the prime factors of o.
3, 7
List the prime factors of (-690)/(-4) + (-26)/52.
2, 43
Let u(h) = h. Let v(o) = -o**3 + 10*o**2 - o + 14. Let f be v(10). List the prime factors of u(f).
2
Let u = -56 + 53. What are the prime factors of (0 - -138)*(-3 - -1 - u)?
2, 3, 23
What are the prime factors of (12/(-14))/(-2 + 753/378)?
2, 3
Suppose -2*n + 747 = m, -n + 4*m + 0*m + 360 = 0. Suppose 0 = -3*x + 372 + n. List the prime factors of x.
2, 31
Suppose 0 = r - 0 - 0. List the prime factors of